{"id":4988,"date":"2021-10-20T20:24:40","date_gmt":"2021-10-20T18:24:40","guid":{"rendered":"https:\/\/www.dmassicampania.it\/?page_id=4988"},"modified":"2022-07-18T07:47:14","modified_gmt":"2022-07-18T07:47:14","slug":"rc-professionale","status":"publish","type":"page","link":"https:\/\/dedbroker.it\/?page_id=4988","title":{"rendered":"RC PROFESSIONALE"},"content":{"rendered":"\t\t<div data-elementor-type=\"wp-page\" data-elementor-id=\"4988\" class=\"elementor elementor-4988\">\n\t\t\t\t\t\t<section class=\"elementor-section elementor-top-section elementor-element elementor-element-e0c92b3 elementor-section-boxed elementor-section-height-default elementor-section-height-default\" data-id=\"e0c92b3\" data-element_type=\"section\">\n\t\t\t\t\t\t<div class=\"elementor-container elementor-column-gap-default\">\n\t\t\t\t\t<div class=\"elementor-column elementor-col-100 elementor-top-column elementor-element elementor-element-6c9ba71\" data-id=\"6c9ba71\" data-element_type=\"column\">\n\t\t\t<div class=\"elementor-widget-wrap elementor-element-populated\">\n\t\t\t\t\t\t<div class=\"elementor-element elementor-element-5b2885a elementor-widget elementor-widget-spacer\" data-id=\"5b2885a\" data-element_type=\"widget\" data-widget_type=\"spacer.default\">\n\t\t\t\t<div class=\"elementor-widget-container\">\n\t\t\t\t\t\t\t<div class=\"elementor-spacer\">\n\t\t\t<div class=\"elementor-spacer-inner\"><\/div>\n\t\t<\/div>\n\t\t\t\t\t\t<\/div>\n\t\t\t\t<\/div>\n\t\t\t\t\t<\/div>\n\t\t<\/div>\n\t\t\t\t\t<\/div>\n\t\t<\/section>\n\t\t\t\t<section class=\"elementor-section elementor-top-section elementor-element elementor-element-2632bc2 elementor-section-boxed elementor-section-height-default elementor-section-height-default\" data-id=\"2632bc2\" data-element_type=\"section\">\n\t\t\t\t\t\t<div class=\"elementor-container elementor-column-gap-default\">\n\t\t\t\t\t<div class=\"elementor-column elementor-col-100 elementor-top-column elementor-element elementor-element-a05f9b5\" data-id=\"a05f9b5\" data-element_type=\"column\">\n\t\t\t<div class=\"elementor-widget-wrap elementor-element-populated\">\n\t\t\t\t\t\t<div class=\"elementor-element elementor-element-4835359 elementor-widget elementor-widget-spacer\" data-id=\"4835359\" data-element_type=\"widget\" data-widget_type=\"spacer.default\">\n\t\t\t\t<div class=\"elementor-widget-container\">\n\t\t\t\t\t\t\t<div class=\"elementor-spacer\">\n\t\t\t<div class=\"elementor-spacer-inner\"><\/div>\n\t\t<\/div>\n\t\t\t\t\t\t<\/div>\n\t\t\t\t<\/div>\n\t\t\t\t<div class=\"elementor-element elementor-element-b37e4ab elementor-widget elementor-widget-heading\" data-id=\"b37e4ab\" data-element_type=\"widget\" data-widget_type=\"heading.default\">\n\t\t\t\t<div class=\"elementor-widget-container\">\n\t\t\t\t\t<h2 class=\"elementor-heading-title elementor-size-default\">RC PROFESSIONALE<\/h2>\t\t\t\t<\/div>\n\t\t\t\t<\/div>\n\t\t\t\t<div class=\"elementor-element elementor-element-0d9d880 elementor-widget elementor-widget-text-editor\" data-id=\"0d9d880\" data-element_type=\"widget\" data-widget_type=\"text-editor.default\">\n\t\t\t\t<div class=\"elementor-widget-container\">\n\t\t\t\t\t\t\t\t\t<p>Dai valore alla tua firma! Prendi le decisioni importanti per la tua attivit\u00e0 con la massima serenit\u00e0 e la tranquillit\u00e0 che in caso di errore c\u2019\u00e8 qualcuno che ti copra le spalle.<\/p>\t\t\t\t\t\t\t\t<\/div>\n\t\t\t\t<\/div>\n\t\t\t\t<div class=\"elementor-element elementor-element-acd862a elementor-widget elementor-widget-spacer\" data-id=\"acd862a\" data-element_type=\"widget\" data-widget_type=\"spacer.default\">\n\t\t\t\t<div class=\"elementor-widget-container\">\n\t\t\t\t\t\t\t<div class=\"elementor-spacer\">\n\t\t\t<div class=\"elementor-spacer-inner\"><\/div>\n\t\t<\/div>\n\t\t\t\t\t\t<\/div>\n\t\t\t\t<\/div>\n\t\t\t\t\t<\/div>\n\t\t<\/div>\n\t\t\t\t\t<\/div>\n\t\t<\/section>\n\t\t\t\t<section class=\"elementor-section elementor-top-section elementor-element elementor-element-3e7b7b8 elementor-section-boxed elementor-section-height-default elementor-section-height-default\" data-id=\"3e7b7b8\" data-element_type=\"section\">\n\t\t\t\t\t\t<div class=\"elementor-container elementor-column-gap-default\">\n\t\t\t\t\t<div class=\"elementor-column elementor-col-100 elementor-top-column elementor-element elementor-element-c92be18\" data-id=\"c92be18\" data-element_type=\"column\">\n\t\t\t<div class=\"elementor-widget-wrap elementor-element-populated\">\n\t\t\t\t\t\t<div class=\"elementor-element elementor-element-a7a7c2a elementor-widget elementor-widget-elementskit-accordion\" data-id=\"a7a7c2a\" data-element_type=\"widget\" data-widget_type=\"elementskit-accordion.default\">\n\t\t\t\t<div class=\"elementor-widget-container\">\n\t\t\t\t\t<div class=\"ekit-wid-con\" >\n        <div class=\"elementskit-accordion floating-style\" id=\"accordion-69e5f5d9b7353\">\n\n            \n                <div class=\"elementskit-card active\">\n                    <div class=\"elementskit-card-header\" id=\"primaryHeading-0-a7a7c2a\">\n                        <a href=\"#collapse-87b937c69e5f5d9b7353\" class=\"ekit-accordion--toggler elementskit-btn-link collapsed\" data-ekit-toggle=\"collapse\" data-target=\"#Collapse-87b937c69e5f5d9b7353\" aria-expanded=\"true\" aria-controls=\"Collapse-87b937c69e5f5d9b7353\">\n                            \n                            <span class=\"ekit-accordion-title\">RC Professionale e Tutela Legale <\/span>\n\n                            \n                                <div class=\"ekit_accordion_icon_group\">\n                                    <div class=\"ekit_accordion_normal_icon\">\n                                        <!-- Normal Icon -->\n                                        <i aria-hidden=\"true\" class=\"icon-open icon-right icon icon-down-arrow1\"><\/i>                                    <\/div>\n\n                                    <div class=\"ekit_accordion_active_icon\">\n                                        <!-- Active Icon -->\n                                        <i aria-hidden=\"true\" class=\"icon-closed icon-right icon icon-up-arrow\"><\/i>                                    <\/div>\n\n                                <\/div>\n\n                            \n                                                    <\/a>\n                    <\/div>\n\n                    <div id=\"Collapse-87b937c69e5f5d9b7353\" class=\" show collapse\" aria-labelledby=\"primaryHeading-0-a7a7c2a\" data-parent=\"#accordion-69e5f5d9b7353\">\n\n                        <div class=\"elementskit-card-body ekit-accordion--content\">\n                            <p>Se sei un avvocato, un commercialista, un architetto, un ingegnere, un geometra o sei iscritto in generale ad un albo professionale, con queste garanzie ti puoi tutelare per la responsabilit\u00e0 civile e per le spese legali derivanti dall\u2019esercizio tua attivit\u00e0 lavorativa, anche sei hai un incarico quale sindaco, revisore di conti o membro di un organismo di vigilanza all\u2019interno di una societ\u00e0, o ancora se necessiti di una copertura \u201cvisto di conformit\u00e0\u201d.<\/p>                        <\/div>\n\n                    <\/div>\n\n                <\/div><!-- .elementskit-card END -->\n\n                \n                <div class=\"elementskit-card \">\n                    <div class=\"elementskit-card-header\" id=\"primaryHeading-1-a7a7c2a\">\n                        <a href=\"#collapse-fb9d09e69e5f5d9b7353\" class=\"ekit-accordion--toggler elementskit-btn-link collapsed\" data-ekit-toggle=\"collapse\" data-target=\"#Collapse-fb9d09e69e5f5d9b7353\" aria-expanded=\"false\" aria-controls=\"Collapse-fb9d09e69e5f5d9b7353\">\n                            \n                            <span class=\"ekit-accordion-title\">Danni indiretti da infortunio<\/span>\n\n                            \n                                <div class=\"ekit_accordion_icon_group\">\n                                    <div class=\"ekit_accordion_normal_icon\">\n                                        <!-- Normal Icon -->\n                                        <i aria-hidden=\"true\" class=\"icon-open icon-right icon icon-down-arrow1\"><\/i>                                    <\/div>\n\n                                    <div class=\"ekit_accordion_active_icon\">\n                                        <!-- Active Icon -->\n                                        <i aria-hidden=\"true\" class=\"icon-closed icon-right icon icon-up-arrow\"><\/i>                                    <\/div>\n\n                                <\/div>\n\n                            \n                                                    <\/a>\n                    <\/div>\n\n                    <div id=\"Collapse-fb9d09e69e5f5d9b7353\" class=\" collapse\" aria-labelledby=\"primaryHeading-1-a7a7c2a\" data-parent=\"#accordion-69e5f5d9b7353\">\n\n                        <div class=\"elementskit-card-body ekit-accordion--content\">\n                            <p>Se sei un professionista e temi che un eventuale infortunio possa compromettere la tua attivit\u00e0 lavorativa, con questa garanzia TUA ti rimborsa sia per il mancato guadagno, che per le eventuali spese mediche.<\/p>                        <\/div>\n\n                    <\/div>\n\n                <\/div><!-- .elementskit-card END -->\n\n                \n                <div class=\"elementskit-card \">\n                    <div class=\"elementskit-card-header\" id=\"primaryHeading-2-a7a7c2a\">\n                        <a href=\"#collapse-98a2a8469e5f5d9b7353\" class=\"ekit-accordion--toggler elementskit-btn-link collapsed\" data-ekit-toggle=\"collapse\" data-target=\"#Collapse-98a2a8469e5f5d9b7353\" aria-expanded=\"false\" aria-controls=\"Collapse-98a2a8469e5f5d9b7353\">\n                            \n                            <span class=\"ekit-accordion-title\">R.C. del Progettista <\/span>\n\n                            \n                                <div class=\"ekit_accordion_icon_group\">\n                                    <div class=\"ekit_accordion_normal_icon\">\n                                        <!-- Normal Icon -->\n                                        <i aria-hidden=\"true\" class=\"icon-open icon-right icon icon-down-arrow1\"><\/i>                                    <\/div>\n\n                                    <div class=\"ekit_accordion_active_icon\">\n                                        <!-- Active Icon -->\n                                        <i aria-hidden=\"true\" class=\"icon-closed icon-right icon icon-up-arrow\"><\/i>                                    <\/div>\n\n                                <\/div>\n\n                            \n                                                    <\/a>\n                    <\/div>\n\n                    <div id=\"Collapse-98a2a8469e5f5d9b7353\" class=\" collapse\" aria-labelledby=\"primaryHeading-2-a7a7c2a\" data-parent=\"#accordion-69e5f5d9b7353\">\n\n                        <div class=\"elementskit-card-body ekit-accordion--content\">\n                            <p>OBBLIGHI ASSICURATIVI PREVISTI DAL CODICE DEI CONTRATTI PUBBLICI \u2013 Art. 111 del D.Lgs. 163\/2006 (ex Legge Merloni n. 109\/94) \u2013 Quali rischi copre la polizza: La copertura assicurativa si riferisce alle perdite patrimoniali sofferte dalle Amministrazioni aggiudicatrici consistenti in: nuove spese di progettazione dell\u2019opera o di parte di essa; maggiori costi; per le varianti resesi necessarie in corso di esecuzione dell\u2019opera in conseguenza di errori od omissioni non intenzionali imputabili a colpa professionale dell\u2019Assicurato e dei professionisti della cui opera egli si avvale, commessi nella redazione del progetto esecutivo di cui all\u2019incarico progettuale. \u2013 Chi deve stipulare la polizza Sono tenuti alla stipula della polizza \u201c\u201dRC del Progettista\u201d\u201d i soggetti incaricati della progettazione posta a base di gara e in ogni caso della progettazione esecutiva di lavori pubblici e quindi l\u2019obbligo riguarda: il singolo libero professionista la pluralit\u00e0 di liberi professionisti associati le societ\u00e0 di professionisti il raggruppamento temporaneo che la Stazione Appaltante abbia incaricato di eseguire la progettazione esecutiva dell\u2019opera oggetto dell\u2019appalto. \u2013 Lettera di impegno La lettera di impegno deve essere presentata alla pubblica amministrazione nel momento in cui il progettista, che si \u00e8 aggiudicato la gara di progettazione esecutiva, sottoscrive il relativo contratto con l\u2019amministrazione stessa. E\u2019 una dichiarazione della Compagnia di Assicurazione contenente l\u2019impegno a rilasciare la polizza RC del Progettista, a copertura di perdite patrimoniali subite dalla stazione appaltante derivanti da maggiori costi per varianti e da nuove spese di progettazione, con specifico riferimento ai lavori progettati.<\/p>                        <\/div>\n\n                    <\/div>\n\n                <\/div><!-- .elementskit-card END -->\n\n                                        <\/div>\n    <\/div>\t\t\t\t<\/div>\n\t\t\t\t<\/div>\n\t\t\t\t\t<\/div>\n\t\t<\/div>\n\t\t\t\t\t<\/div>\n\t\t<\/section>\n\t\t\t\t<section class=\"elementor-section elementor-top-section elementor-element elementor-element-b5fab66 elementor-section-boxed elementor-section-height-default elementor-section-height-default\" data-id=\"b5fab66\" data-element_type=\"section\">\n\t\t\t\t\t\t<div class=\"elementor-container elementor-column-gap-default\">\n\t\t\t\t\t<div class=\"elementor-column elementor-col-100 elementor-top-column elementor-element elementor-element-7c8c9bd\" data-id=\"7c8c9bd\" data-element_type=\"column\">\n\t\t\t<div class=\"elementor-widget-wrap elementor-element-populated\">\n\t\t\t\t\t\t<div class=\"elementor-element elementor-element-8890ce8 elementor-widget elementor-widget-spacer\" data-id=\"8890ce8\" data-element_type=\"widget\" data-widget_type=\"spacer.default\">\n\t\t\t\t<div class=\"elementor-widget-container\">\n\t\t\t\t\t\t\t<div class=\"elementor-spacer\">\n\t\t\t<div class=\"elementor-spacer-inner\"><\/div>\n\t\t<\/div>\n\t\t\t\t\t\t<\/div>\n\t\t\t\t<\/div>\n\t\t\t\t\t<\/div>\n\t\t<\/div>\n\t\t\t\t\t<\/div>\n\t\t<\/section>\n\t\t\t\t<section class=\"elementor-section elementor-top-section elementor-element elementor-element-92d5c5a elementor-section-boxed elementor-section-height-default elementor-section-height-default\" data-id=\"92d5c5a\" data-element_type=\"section\">\n\t\t\t\t\t\t<div class=\"elementor-container elementor-column-gap-default\">\n\t\t\t\t\t<div class=\"elementor-column elementor-col-100 elementor-top-column elementor-element elementor-element-13a2859\" data-id=\"13a2859\" data-element_type=\"column\">\n\t\t\t<div class=\"elementor-widget-wrap elementor-element-populated\">\n\t\t\t\t\t\t<div class=\"elementor-element elementor-element-e9ce7a8 elementor-align-center elementor-widget elementor-widget-button\" data-id=\"e9ce7a8\" data-element_type=\"widget\" data-widget_type=\"button.default\">\n\t\t\t\t<div class=\"elementor-widget-container\">\n\t\t\t\t\t\t\t\t\t<div class=\"elementor-button-wrapper\">\n\t\t\t\t\t<a class=\"elementor-button elementor-button-link elementor-size-xl\" href=\"https:\/\/dedbroker.it\/?page_id=7034\">\n\t\t\t\t\t\t<span class=\"elementor-button-content-wrapper\">\n\t\t\t\t\t\t\t\t\t<span class=\"elementor-button-text\">RICHIEDI SUBITO UNA QUOTAZIONE<\/span>\n\t\t\t\t\t<\/span>\n\t\t\t\t\t<\/a>\n\t\t\t\t<\/div>\n\t\t\t\t\t\t\t\t<\/div>\n\t\t\t\t<\/div>\n\t\t\t\t\t<\/div>\n\t\t<\/div>\n\t\t\t\t\t<\/div>\n\t\t<\/section>\n\t\t\t\t<\/div>\n\t\t","protected":false},"excerpt":{"rendered":"<p>RC PROFESSIONALE Dai valore alla tua firma! Prendi le decisioni importanti per la tua attivit\u00e0 con la massima serenit\u00e0 e la tranquillit\u00e0 che in caso di errore c\u2019\u00e8 qualcuno che ti copra le spalle. RC Professionale e Tutela Legale Se sei un avvocato, un commercialista, un architetto, un ingegnere, un geometra o sei iscritto in [&hellip;]<\/p>\n","protected":false},"author":1,"featured_media":0,"parent":0,"menu_order":0,"comment_status":"closed","ping_status":"closed","template":"elementor_header_footer","meta":{"footnotes":"","_links_to":"","_links_to_target":""},"class_list":["post-4988","page","type-page","status-publish","hentry"],"_links":{"self":[{"href":"https:\/\/dedbroker.it\/index.php?rest_route=\/wp\/v2\/pages\/4988","targetHints":{"allow":["GET"]}}],"collection":[{"href":"https:\/\/dedbroker.it\/index.php?rest_route=\/wp\/v2\/pages"}],"about":[{"href":"https:\/\/dedbroker.it\/index.php?rest_route=\/wp\/v2\/types\/page"}],"author":[{"embeddable":true,"href":"https:\/\/dedbroker.it\/index.php?rest_route=\/wp\/v2\/users\/1"}],"replies":[{"embeddable":true,"href":"https:\/\/dedbroker.it\/index.php?rest_route=%2Fwp%2Fv2%2Fcomments&post=4988"}],"version-history":[{"count":10,"href":"https:\/\/dedbroker.it\/index.php?rest_route=\/wp\/v2\/pages\/4988\/revisions"}],"predecessor-version":[{"id":7277,"href":"https:\/\/dedbroker.it\/index.php?rest_route=\/wp\/v2\/pages\/4988\/revisions\/7277"}],"wp:attachment":[{"href":"https:\/\/dedbroker.it\/index.php?rest_route=%2Fwp%2Fv2%2Fmedia&parent=4988"}],"curies":[{"name":"wp","href":"https:\/\/api.w.org\/{rel}","templated":true}]}}